hat is -1 - -100?
33
In base 9, what is -5 + 144?
138
In base 4, what is 10302 + -10?
10232
In base 4, what is -2 + 33122?
33120
In base 14, what is -1a70 - 1?
-1a71
In base 5, what is -133001 - 11?
-133012
In base 16, what is 2 - e45?
-e43
In base 10, what is 4 + 193?
197
In base 11, what is 0 + 26a?
26a
In base 11, what is -5 + 8a5?
8a0
In base 6, what is -12 + 53?
41
In base 12, what is -42b9 - -5?
-42b4
In base 12, what is -56 + 3?
-53
In base 8, what is -2 + 54?
52
In base 2, what is 1100111 + -100010?
1000101
In base 2, what is -11000 - -10?
-10110
In base 10, what is 17 - 31?
-14
In base 16, what is 4 - 1f?
-1b
In base 16, what is 9d - -1e?
bb
In base 6, what is -102 - -11?
-51
In base 2, what is -10001 + -110001?
-1000010
In base 4, what is -1 - -32?
31
In base 4, what is 2131 - -20?
2211
In base 10, what is 46 + -3?
43
In base 5, what is 4 - -130?
134
In base 11, what is -45 + -2?
-47
In base 3, what is 1 + -21001?
-21000
In base 3, what is -12 + -1212?
-2001
In base 5, what is 43 - 301?
-203
In base 4, what is -22333 + 2?
-22331
In base 9, what is 68 + 1?
70
In base 11, what is 1494 + 5?
1499
In base 12, what is 1171 + -5?
1168
In base 9, what is -1 - 76?
-77
In base 4, what is 1002 + 0?
1002
In base 16, what is -1 + 14bc?
14bb
In base 8, what is 5335 - 4?
5331
In base 14, what is 2c - 15?
17
In base 5, what is 32 - -3104?
3141
In base 13, what is 56 + -7?
4c
In base 5, what is -1 + 302?
301
In base 14, what is -6 + 14?
c
In base 15, what is 54 + -4c?
7
In base 12, what is -458b - 0?
-458b
In base 13, what is -14 - -4?
-10
In base 11, what is 0 + 9?
9
In base 3, what is -11 + 221120?
221102
In base 6, what is -11 - 1102?
-1113
In base 2, what is 101001 + -10110000?
-10000111
In base 4, what is 30 + 101?
131
In base 12, what is 6 + 15?
1b
In base 5, what is 44 + 4?
103
In base 16, what is -5 + 5d?
58
In base 11, what is -2549 + 3?
-2546
In base 15, what is 1b39 - 0?
1b39
In base 2, what is -1 - 10111010?
-10111011
In base 9, what is -1 + 18?
17
In base 16, what is -1 + -16c?
-16d
In base 15, what is 5 - -1c0d?
1c13
In base 16, what is 1f4 - e?
1e6
In base 8, what is -26 - -4?
-22
In base 4, what is -1001303 + -10?
-1001313
In base 15, what is b6 - e?
a7
In base 7, what is 4 - -2435?
2442
In base 8, what is -60 + 3?
-55
In base 10, what is 4 - -36?
40
In base 3, what is 1102000 - 112?
1101111
In base 7, what is -401 + 11?
-360
In base 3, what is 20 + 1?
21
In base 15, what is 38 + 32?
6a
In base 16, what is -18cf - 5?
-18d4
In base 3, what is -1100 + 2?
-1021
In base 9, what is -6 - -17?
11
In base 5, what is -322310 - 2?
-322312
In base 16, what is d - 1?
c
In base 12, what is 4849 + 0?
4849
In base 12, what is -3 + 16?
13
In base 5, what is 102214 - 0?
102214
In base 9, what is 0 - -1011?
1011
In base 2, what is -10 - -11001011?
11001001
In base 15, what is 18 + -9e?
-86
In base 7, what is -2 - -11?
6
In base 5, what is 10 - -130?
140
In base 3, what is -1122200 - 2?
-1122202
In base 6, what is -2354 + 2?
-2352
In base 4, what is -2 + -30103?
-30111
In base 4, what is -130 - -1?
-123
In base 2, what is -1001101100001 - 100?
-1001101100101
In base 5, what is -3121 - 0?
-3121
In base 10, what is -502 + -1?
-503
In base 13, what is -11 - -170?
15c
In base 9, what is 3 - -1743?
1746
In base 4, what is 10100 + 2?
10102
In base 12, what is 3 - -59?
60
In base 2, what is -100 - 1000101?
-1001001
In base 8, what is -5174 + 0?
-5174
In base 3, what is 10220 - 22?
10121
In base 9, what is 1273 - -1?
1274
In base 14, what is 2 + -1b3?
-1b1
In base 2, what is -11111101 + 101?
-11111000
In base 8, what is 5 + -71?
-64
In base 10, what is 147 + -1?
146
In base 10, what is -61 + -4?
-65
In base 10, what is 212 - 0?
212
In base 5, what is 43 + -4?
34
In base 13, what is 4 + 196?
19a
In base 15, what is -e - -1?
-d
In base 7, what is -54 + 2?
-52
In base 7, what is -1304 - 5?
-1312
In base 12, what is -764 - 3?
-767
In base 12, what is -2 + -84?
-86
In base 4, what is -13 - 1311?
-1330
In base 5, what is -114 - 4?
-123
In base 2, what is 101 + 1111110011?
1111111000
In base 16, what is -48 + 2?
-46
In base 12, what is 4 + 344?
348
In base 9, what is -215 + 0?
-215
In base 7, what is -1 - -1105?
1104
In base 5, what is -10 + 1312?
1302
In base 4, what is 2 + -1021310?
-1021302
In base 14, what is 1 + -43?
-42
In base 2, what is 1010 - 1011?
-1
In base 15, what is -57 + 5?
-52
In base 7, what is 303 - 4?
266
In base 15, what is 15 - 5?
10
In base 16, what is -f0b + -a?
-f15
In base 7, what is -154 + 45?
-106
In base 14, what is -15 - c?
-23
In base 16, what is 55 + 4?
59
In base 14, what is -3 + ca?
c7
In base 6, what is 5 - 1301?
-1252
In base 4, what is -111 + 3000?
2223
In base 7, what is -624 - 5?
-632
In base 11, what is -58 + -8?
-65
In base 16, what is 509 + -4?
505
In base 16, what is -427 + 0?
-427
In base 3, what is -10 - -201?
121
In base 8, what is 3 + 266?
271
In base 4, what is -11 - -313?
302
In base 9, what is 385 + 12?
407
In base 13, what is -319 - -13?
-306
In base 7, what is 3 - -330?
333
In base 7, what is -32 - -114?
52
In base 7, what is -1151 - -1?
-1150
In base 12, what is 275b + 4?
2763
In base 9, what is -7 - 26?
-34
In base 10, what is 67 - 0?
67
In base 10, what is 36 - -262?
298
In base 12, what is 2 + 9b7?
9b9
In base 6, what is -1032 - 5?
-1041
In base 7, what is -3 + -54?
-60
In base 5, what is -2112 - -4?
-2103
In base 6, what is -12 + -433?
-445
In base 15, what is dda - 1?
dd9
In base 11, what is 420 - 13?
408
In base 7, what is -55342 + 3?
-55336
In base 6, what is -5 - 2414?
-2423
In base 9, what is 4 - -14?
18
In base 14, what is -1c + -7?
-25
In base 15, what is -77 - -c?
-6a
In base 13, what is -4 - 57?
-5b
In base 6, what is -1 + 42331?
42330
In base 14, what is 29 - 3?
26
In base 10, what is 52 + -78?
-26
In base 6, what is -1334 + -4?
-1342
In base 11, what is -278 - 6?
-283
In base 15, what is 2 - 1a?
-18
In base 13, what is -123 - -4?
-11c
In base 7, what is -163 + 4?
-156
In base 4, what is 2 + 121322?
121330
In base 11, what is 40 - -16?
56
In base 2, what is 10011110 + 1100?
10101010
In base 3, what is 12111 + -10?
12101
In base 11, what is -1875 - 1?
-1876
In base 8, what is 5 + -113?
-106
In base 5, what is 1 - -130?
131
In base 3, what is -2 + 1201101?
1201022
In base 13, what is -3 + -a0?
-a3
In base 5, what is 1 - -131?
132
In base 16, what is -12 - -a0?
8e
In base 12, what is 230 + 0?
230
In base 7, what is 144 - 0?
144
In base 8, what is 5131 - 4?
5125
In base 5, what is -1 + 123?
122
In base 8, what is -33 - 105?
-140
In base 16, what is c - -46?
52
In base 2, what is 101010 - -100?
101110
In base 2, what is -11011010001 + -100?
-11011010101
In base 3, what is 11 + 1221?
2002
In base 5, what is -3 + -300?
-303
In base 11, what is -1 + -280?
-281
In base 11, what is -137 + -1?
-138
In base 3, what is 2 + -2202?
-2200
In base 8, what is -2127 - 4?
-2133
In base 15, what is -5 + -85?
-8a
In base 8, what is -12 - 1065?
-1077
In base 12, what is 2b + 13?
42
In base 12, what is -b76 - -3?
-b73
In base 9, what is -6 + -554?
-561
In base 9, what is 4265 + -4?
4261
In base 6, what is 501 + -3?
454
In base 13, what is -102 + -3?
-105
In base 10, what is 373 + 3?
376
In base 2, what is 100001110 + -11011?
11110011
In base 2, what is 1001000 + -1?
1000111
In base 16, what is -915 - -3?
-912
In base 5, what is -2134 + -23?
-2212
In base 16, what is e - -13?
21
In base 3, what is -11102022 - 12?
-11102111
In base 13, what is -3 + -6?
-9
In base 7, what is -4 - 250?
-254
In base 11, what is 315 - -39?
353
In base 16, what is 8 - 8f?
-87
In base 8, what is 25 - 162?
-135
In base 16, what is 1 - -77?
78
In base 3, what is -20011 + 0?
-20011
In base 10, what is -3 + 27?
24
In base 3, what is -22001 + 100?
-21201
In base 8, what is 2 + -102?
-100
In base 16, what is -47 + -4?
-4b
In base 3, what is -12 - 21220?
-22002
In base 6, what is 4 + -245?
-241
In base 7, what is -2 - 1165?
-1200
In base 8, what is 7442 + 0?
7442
In base 16, what is -1 + 14d?
14c
In base 6, what is 215 - -2?
221
In base 8, what is 3 + 2147?
2152
In base 11, what is 2 + 5a?
61
In base 6, what is -10 + 3430?
3420
In base 4, what is 10 - -310?
320
In base 11, what is -5 + 439?
434
In base 16, what is 26 - -64?
8a
In base 10, what is 196 - 